7 - 15))) + 2 + 2
-13
Evaluate 1 + (3 - 7 - (7 + 13)).
-23
What is the value of (-4 + 0 - (-1 + -2 + 6)) + 8?
1
What is the value of -11 + 3 - ((22 - -7) + -17)?
-20
Evaluate (-17 + 7 - -2) + (12 - (2 + -12)).
14
-8 - 13 - (10 + -19)
-12
What is 13 + (-8 - (-6 - -7))?
4
What is the value of 2 - -1 - (-16 + -36 + 65)?
-10
What is 15 - (26 - 28) - 38?
-21
What is 6 + (7 - -7 - 5) + -7?
8
What is (-1 + (1 - -6) - 25) + 7 - -5?
-7
Calculate -9 - (-7 + 0 + 81 + -86).
3
-23 - 4 - -13 - (-9 + 0)
-5
Calculate -11 + 23 - 20 - (-29 - -1).
20
Calculate (-1 - -5) + 7 + -6 + 2 + -15.
-8
-9 - (21 - 12 - 28)
10
Evaluate 0 + -29 + -176 + 204.
-1
What is the value of (-2 - (-2 - -1)) + (88 - 58) + -13?
16
What is the value of (34 + -37 - (-1 + -2)) + 14 + 4?
18
What is 18 + -21 + 13 + 0?
10
What is the value of (-14 - -22) + -10 + -4 + -1 + 4?
-3
Evaluate 2 + -38 - (-89 - -70).
-17
Evaluate 0 - (15 - ((5 - 6) + 3 + 0)).
-13
Calculate 3 + (-31 - -27) + (-2 - -1).
-2
What is -9 + 2 + 15 + -23 - (1 + -6)?
-10
What is the value of 11 - (-36 - -20) - 14?
13
Evaluate (156 - 139) + 3 + -13 + -1.
6
Evaluate 38 - (0 - 11 - -35).
14
Calculate 10 + (-12 + 7 - -12) + 3.
20
What is (14 - 38) + 37 + -6?
7
Calculate -8 + (13 - -5) + -2.
8
What is the value of -26 + 22 - (3 + -6 + -2)?
1
Evaluate -25 - -31 - ((2 - -3) + -2 + 1).
2
Evaluate -13 + 9 + (3 + -1 - (18 + -15)).
-5
Evaluate -6 + (-11 - -12) - -11.
6
Calculate -8 + 9 - (-2 - (-3 - (-1 - 1))).
2
0 + 20 + 15 + -9
26
Evaluate 28 - 15 - -20 - 45.
-12
Evaluate -201 + 190 - (-29 - 0).
18
What is the value of (11 + -6 + -1 - -6) + -2?
8
What is the value of -40 - -1 - (-371 - -345)?
-13
What is (-1 - -7 - (4 - (-15 - -19))) + -5?
1
Evaluate -18 - ((46 - 20) + -44).
0
What is the value of 8 + 8 + -24 + -3?
-11
What is the value of -7 + (-2 - (-10 + 0 + (51 - 34)))?
-16
Evaluate 14 + ((-10 - -5) + 8 - 8) + -21.
-12
Calculate -28 - -45 - 6 - 3.
8
What is -6 - (-11 - -8 - (-6 - -10))?
1
What is the value of -1 - (4 - -1) - (16 + -14)?
-8
Evaluate -445 - -470 - (2 + -1).
24
What is the value of (-2 - -23 - -5) + -16?
10
Evaluate -1 + -2 + 3 + 15 + (-2 - -1).
14
Calculate 2 + -4 + (-6 + 5 + -8 - -7).
-4
Evaluate (34 - 39) + -2 + 5.
-2
3 + 2 + -3 + (0 - (-7 - -8))
1
What is the value of -8 - (-1 + 4 + (-19 - -5) + 6)?
-3
Calculate 21 - ((-11 - -23) + -3) - 9.
3
What is the value of -3 + 9 - (-6 + 17 + -26 - -51)?
-30
What is 24 + (11 + -23 - -7) + 2 + -3?
18
Evaluate (-60 + 52 - (5 - 0)) + 1.
-12
Evaluate 3 + 8 + -19 + 0 + 2.
-6
3 + (-12 - (-4 - 15)) + -9
1
(-10 - ((-41 - -42) + (-13 - -1))) + 3
4
What is 6 + 4 + -1 + (1 + -13 - -7)?
4
Calculate 20 + 4 + -12 - 1.
11
What is 2 + (-1 - 0) - (561 - 558)?
-2
Evaluate -7 + 5 + 5 + (11 - 7).
7
What is the value of -3 - (-3 - (30 - 22))?
8
Calculate (37 - (-3 - -8)) + -1.
31
Calculate 22 + -4 + -25 + 23.
16
Evaluate -27 + (16 - (-12 + -13)).
14
Evaluate -15 + 29 + 1 + -7.
8
-6 - (-8 - -8 - -7 - 14)
1
What is -12 + -15 + (1 - (-21 + -12))?
7
What is 14 + (23 - (25 - -23))?
-11
Evaluate (-6 - -3 - -3) + (-24 + 1 - -38).
15
-5 + (8 - 0 - 11) - 3
-11
Evaluate 5 + 0 - 5 - (29 - 36).
7
Evaluate -15 + (-21 - -37) + (-1 - -11).
11
What is the value of (-225 - -202) + (12 - -1)?
-10
-4 - (28 - 10) - (-11 - -1)
-12
(-6 - -14 - 19) + -1
-12
What is 15 + (-19 - -5 - -12)?
13
What is the value of 34 + -36 + (-8 - 1) - (2 - 9)?
-4
What is 10 + 0 + (-15 - 15)?
-20
What is (17 - 17) + 1 + -7 + 2?
-4
Evaluate 2 + 6 - (-51 + 68).
-9
14 + (-42 - (13 - 27))
-14
What is the value of 1 - (0 + 5 + 5) - -8?
-1
What is -9 - (4 - 19) - -8?
14
Calculate 17 + -13 + -1 - (4 + (3 - 0)).
-4
Evaluate -6 - (-20 - 16 - -20).
10
Calculate 6 + 8 - (13 + 8).
-7
(7 - 15) + (7 + 9 - 1) + -24
-17
What is (-20 - -34) + (17 - 26)?
5
8 + -6 + 6 - (-77 - -78)
7
Evaluate (0 - (2 - -10)) + (21 - (4 - 25)).
30
Evaluate -7 + 0 - (-8 - (3 + -13 + -1)).
-10
Calculate 2 + 18 + 160 + -180 + -39.
-39
(-8 - (1 + -8)) + 11 + -20
-10
What is the value of -13 + 3 - (13 - (-3 - -19))?
-7
-36 + (0 - -15 - 2)
-23
Calculate 100 + -97 + (2 - -1).
6
What is the value of -21 + -56 + 10 + 37?
-30
What is -2 + -1 - (-11 + -9 + 13)?
4
0 + -5 + (-15 - (-5 + 5)) + 1
-19
(-21 - -17) + -3 - 3
-10
Calculate 2 + (-3 - (-12 - -25)) + 33.
19
Evaluate 29 - (13 - (10 - 12)).
14
-6 + 30 + -26 + (0 - 1) + -10
-13
What is the value of -776 - -791 - (-4 + -1)?
20
What is the value of (8 - -7) + -20 - (0 + 6)?
-11
9 - (-13 + (1 - -5) - -9)
7
Evaluate (-35 - (-21 - 17)) + (1 - 3) + 6.
7
Evaluate 0 + 4 - (-146 - -174).
-24
Evaluate (86 - (132 + -68)) + 1 + -7.
16
-8 + 7 + -1 + 15 + -1
12
Calculate 18 + 53 + -21 + -17.
33
Calculate (-7 + (-2 - -14) - 9) + -10.
-14
What is the value of (-31 - -36) + (-25 - -1) + 8?
-11
Evaluate 14 - (7 + -20 - -23).
4
What is the value of -13 - -17 - (1 - -1 - 2)?
4
Calculate (1 - -20) + -30 + -1 + -7.
-17
Calculate 17 - (-8 + -2 + 19) - 11.
-3
Evaluate (-20 - (-7 + -10)) + (-33 - -6).
-30
Calculate (24 - (-37 + 64)) + 35.
32
Evaluate -8 - (-4 + 7 + -8 - -8).
-11
What is the value of 113 - 129 - (2 + -28)?
10
Calculate 32 + (0 - 13) + -15.
4
(-5 - -5 - -1 - -5 - 21) + 6
-9
What is -4 - (-6 - -6 - 9) - (-2 + 22)?
-15
Calculate -3 + (-3 + 5 + -5 - 4 - -5).
-5
-11 + 12 + -4 - (-12 - -2) - 2
5
-22 + 30 + (2 + -4 - 16)
-10
Calculate -5 + (8 - (0 - -3)) + 13.
13
What is the value of 2743 + -2743 - (-20 + -1 + (1 - -1))?
19
-1 - (-6 + 6 + 0) - (8 - -1)
-10
What is the value of (28 - 23) + 1 + -27?
-21
Evaluate 0 - (14 - 18 - -3 - (2 + -1)).
2
(0 - (0 - -1)) + 791 + -793
-3
What is the value of (10 - (4 - 5 - -6)) + -10 + 21?
16
-5 + 18 - (-3 + -1) - (-17 - -8)
26
Evaluate (-30 - -16 - (-3 + 6)) + 1.
-16
-3 + 6 - (2 + 4 - 12)
9
Calculate -68 + 70 + 5 + -4.
3
Evaluate -7 + -3 + 1 + 11 + 11 + 2.
15
Calculate 10 + -10 + 5 + 2.
7
Calculate (-10 - -3) + (7 - -2) + 7.
9
Calculate -8 + -2 + 6 + (-7 - -4) - 10.
-17
Calculate -96 - (13 - 105) - (0 - 1 - 20).
17
Evaluate (11 - (17 + -10 + 1)) + -27 + -3.
-27
-19 + 5 - -6 - 7 - (-5 + 1)
-11
What is -3 + (-9 + 4 - -5)?
-3
Evaluate (17 - 40 - -11) + 37.
25
What is 18 + (10 - (14 + 24))?
-10
(0 - (5 + -6 + 7)) + 14
8
What is the value of 0 - (-11 + (8 - 7)) - 18?
-8
Calculate -8 + 13 + 18 + -23.
0
Calculate 2 - -2 - (16 + (6 - (-4 - -10))).
-12
(20 - 51 - (1 + 6)) + (-8 - -13)
-33
1 - (-27 - -23) - (14 + -1 - 3)
-5
Evaluate -4 - (-6 + -6 + 12) - 3.
-7
Calculate -12 + -1 - (4 - (60 - 23)).
20
Calculate 3 + (-13 - -12) + (3 - -5).
10
What is the value of -26 + 16 - (6 - 4)?
-12
What is -4 - (-15 + 19 + 5)?
-13
What is the value of 1 - 8 - (-19 + -6 + 18)?
0
What is the value of -19 + (17 - 15) + 14 + -6?
-9
What is the value of -14 - (-10 + -8) - 12?
-8
Calculate -4 - (26 + -29 + (-2 - 7 - -3)).
5
What is (-17 - -2) + (7 - 0)?
-8
Calculate -23 + (-16 - -17) - -33.
11
What is the value of -21 + 31 + -46 + 15?
-21
Evaluate 8 + (-9 + 6 + 10 - 15) + -21.
-21
Evaluate 24 + 1 + -30 - ((1 - -2) + 0).
-8
Calculate (-9 - 8) + 3 - -7.
-7
Calculate (2 - -3) + (-1 - -2 - -3) - 1.
8
Calculate 18 + (10 - 31 - -12).
9
What is the value of -4 + (3 - ((10 - 7) + -2))?
-2
Evaluate (-5 - (-4 + 7 - 5) - -12) + -3.
6
Evaluate -29 + 10 + 29 - 21.
-11
Calculate -10 + 8 - (-8 + 10).
-4
What is 18 + -22 + 20 + -4?
12
Evaluate 13 + (-3 - -7) + -10 - 15.
-8
Calculate -4 - ((-1 - -2) + 3) - -25.
17
What is -31 + -30 + (-22 - -89)?
6
Evaluate -5 + 15 - (-19 + -15 + 25).
19
6 - (-16 + 8 - -16) - 9
-11
What is 18 + (-1 + -18 - -10) + 6?
15
What is the value of (5 - (-3 - -18)) + 25?
15
What is the value of -4 - (12 + (-12 - -2)) - 13?
-19
9 - ((18 - -13) + 3 + -8)
-17
Calculate (-6 - 19) + (-4 - (11 + -9)).
-31
What is the value of 27 + -22 + (-5 - 3) + 18?
15
Evaluate (5 - ((-33 - -12) + 12)) + 11.
25
Evaluate -5 + 10 + -15 + 17.
7
-9 + -3 - (-26 + (10 - (-13 + 17)))
8
What is -44 - (40 + -69) - (-17 + 1)?
1
What is the value of 12 + (9 - (-9 + 8 + 1))?
21
What is 28 + -66 + 13 - -28?
3
What is the value of (31 - 53 - -20) + -10?
-12
-1 + 17 + (138 - 140)
14
Calculate (-2 - 5 - (-10 - 0) - 0) + 3.
6
What is the value of -6 - (1 - -1 - 3) - -23 - 2?
16
(0 - (-1 - (9 - 14))) + (4 - -1)
1
What is (29 - (-37 - -64)) + (-1 - 1)?
0
What is the value of (-4 + 11 - 2) + -1 + -4 + 24?
24
What is (-291 - -318) + (-1 - 32)?
-6
Evaluate (-132 - -14